he prime factors of (-10 + 1)*r/(-3).
3
Suppose 0 = 2*t, 3*o = 2*t - 0 + 3. Let j(n) = -o - 5*n + n + 0*n. What are the prime factors of j(-3)?
11
Let y = -6 + 8. Suppose -2*n + 3*w = -8, -5*n + w + y*w = -20. Let s(a) = -a**2 + 4*a + 2. List the prime factors of s(n).
2
Let l(p) = -12*p - 3. Let u be l(-3). Let s = u + -22. List the prime factors of s.
11
Suppose -187 - 107 = -3*t. List the prime factors of t.
2, 7
Let p(u) = u**2 + u - 3. Let i(s) = s + 12. Let w be i(-9). List the prime factors of p(w).
3
Suppose -2*k = 3*k + 30. Let r = 10 - k. What are the prime factors of -1 - (r/(-2) + 0)?
7
Suppose -2 = -2*q + 4*b, -46 = -5*q - 4*b + 1. Let r(m) = m**3 - 8*m**2 + 9*m + 6. List the prime factors of r(q).
2, 5
List the prime factors of (6/9)/(2/162).
2, 3
Let x(z) = -3*z - 3. List the prime factors of x(-8).
3, 7
Let v(b) = b**3 - 9*b**2 + 10*b - 2. What are the prime factors of v(8)?
2, 7
Suppose -4*m = -m - 108. Suppose 3*i - 4*c = -2*i + m, -3*c = 12. List the prime factors of i.
2
Suppose -4*a - 36 = -8. Let j = a - -4. List the prime factors of j/(-15) + 38/10.
2
Let i(h) be the third derivative of -h**5/60 - h**4/3 - 4*h**3/3 - 2*h**2. Let q be i(-8). Let r = q + 24. What are the prime factors of r?
2
Let a be 0 + (-3 - -2)*0. Suppose -9 = -3*z, 5 = 2*j - a*j - 5*z. What are the prime factors of 2/((-16)/j - -2)?
5
Let o(y) = 6*y**3 + y. Let q be o(1). Suppose a - 5 = q. What are the prime factors of a?
2, 3
Let j(o) = 14*o + 12. List the prime factors of j(4).
2, 17
Let i(q) = q**3 + 7*q**2 + 7*q + 6. Let k be i(-6). Let v(d) = d - 4. Let x be v(k). Let z = x + 8. What are the prime factors of z?
2
Suppose 24 + 0 = 3*y. List the prime factors of y.
2
Let z(d) = -5*d + 2. Let k(c) = 2*c - 1. Let p(s) = -9*k(s) - 4*z(s). Let i(b) = b**3 - 7*b**2 + 7*b - 5. Let q be i(6). What are the prime factors of p(q)?
3
Suppose -3*o = 5*k + 11, -19 - 1 = 5*k. Let r be 10/3 + 4/6. Suppose r*d + 44 = 2*p, -o*p + d = 2*d - 31. List the prime factors of p.
2, 3
Let x = -42 + 155. What are the prime factors of x?
113
Let d = -191 + 284. List the prime factors of d.
3, 31
Suppose 0 = w + 5*w - 12. Suppose 206 = 4*r + w*k - 3*k, -3*k = -3*r + 159. List the prime factors of r.
3, 17
Let v(l) = l**2 + 4. Let r be v(-4). Suppose 5*z - r - 35 = 0. List the prime factors of z.
11
Let i = 15 + -12. What are the prime factors of i?
3
Let b = 7 + -7. Suppose b = 3*c - q - 65, 0 = -4*c + 5*c + 5*q + 5. Suppose 35 = 2*r - l, r + 0*l - c = l. What are the prime factors of r?
3, 5
Let c = 10 - -30. What are the prime factors of c?
2, 5
Let s = -3 - 0. Let a = -1 - s. Suppose -a*x = -x - 5. What are the prime factors of x?
5
Let n = -29 + 42. Suppose -s = -8 - n. What are the prime factors of s?
3, 7
Let c(g) = -28*g + 44. List the prime factors of c(-10).
2, 3
Suppose -4*s + 0*s + 4*b = -24, -5*b = s + 18. Suppose d - 6*j + 2*j = 22, 14 = 2*d - s*j. List the prime factors of d.
2
Let o = -211 + 331. List the prime factors of o.
2, 3, 5
Suppose 5*m = -2*s + 188, 3*m + 5*s - 148 = -20. Suppose 0*y - y + m = 0. What are the prime factors of y?
2, 3
Let p = 36 - -136. List the prime factors of p.
2, 43
Suppose -3 - 1 = -2*z. List the prime factors of 18 + z + (-2 - -1).
19
Suppose 2*s - 10 = -0. Let d = s - 1. Suppose -d = -p + 1. What are the prime factors of p?
5
Let q(u) = -u + 3. Let n be q(3). List the prime factors of 1 - (n + 1) - -25.
5
Suppose -4*v + 2 = -130. List the prime factors of v.
3, 11
Let a be 2/10 - 46/5. Let m = 33 + -39. Let j = m - a. What are the prime factors of j?
3
Let g = -25 + 39. Suppose -5*x = -6 - g. List the prime factors of x.
2
Suppose 0 = -9*r + 11*r - 72. List the prime factors of r.
2, 3
Let a(l) = -50*l - 4. List the prime factors of a(-2).
2, 3
Suppose -3*r = 15, 4*n - r = 255 - 82. What are the prime factors of n?
2, 3, 7
Let u be (-4)/(-14) + (-64)/28. Let l be 6 + -12 + 1 + u. Let q = l + 13. What are the prime factors of q?
2, 3
Suppose -2*o = -7*o + 70. Suppose c = -2*c + 4*m - 6, 0 = -c - 4*m + o. List the prime factors of c.
2
Let q(k) = 3*k**2 + 4*k - 7. What are the prime factors of q(-5)?
2, 3
Let v(x) = x**3 - x**2 + 2*x. Let i be v(2). Suppose 4*o - i = 4*r, -5*o - 2*r = -2*o - 21. List the prime factors of (2/o)/((-2)/(-10)).
2
Let j = 6 - 3. Let u be 4*j/6*1. List the prime factors of u/7 + (-612)/(-63).
2, 5
Let o(z) = z**2 + 10*z. Let w be o(-12). Let c = -11 + w. What are the prime factors of c?
13
Let q(a) = 58*a - 13. What are the prime factors of q(3)?
7, 23
Let f be (2 - -1) + 1 - 3. Let l(y) = y**3 - 5*y**2 - 6*y + 9. Let j be l(6). Let z = f + j. List the prime factors of z.
2, 5
Let n = 5 - 1. Let b(w) = -2*w**2 - 4*w + 2. Let t be b(n). Let m = -28 - t. List the prime factors of m.
2, 3
Suppose 2*u + 5*o - 344 = 0, 4*u - 675 = 4*o + 13. List the prime factors of u.
2, 43
What are the prime factors of 2/(-13) + (0 - (-15415)/65)?
3, 79
Suppose -2*d - x + 99 = d, 2*x - 99 = -3*d. List the prime factors of (-2)/(-5) - d/(-5).
7
Suppose -10 = 4*s - s + 4*q, -4*s = 4*q + 8. Suppose -3*m + 24 = 5*y, s*y = 5*m - m - 58. What are the prime factors of m?
13
Let r(h) = -h**2 + 7*h + 10. Let b be r(8). Suppose -2*c = -56 - b. List the prime factors of c.
29
Suppose 2 - 4 = -a. Suppose -4*f = -g - 191, -a*f = -0*f + 4*g - 100. List the prime factors of f.
2, 3
Let j(a) = 7*a**2 + a - 20. What are the prime factors of j(-6)?
2, 113
Let z(a) = 4*a - 18. Suppose 0 = -v + 13 - 1. What are the prime factors of z(v)?
2, 3, 5
Let a be 2/(-8) + 5/4. Let q = 3 - a. What are the prime factors of q?
2
Let k(r) = -r**3 - 5*r**2 + 5*r - 1. Let b be k(-6). What are the prime factors of (-29)/2*(-10)/b?
29
Suppose 0 = q - 6 + 4. Suppose 0 = -v - q*v + 57. List the prime factors of v.
19
Suppose -a = 4*a. Suppose a = -2*s - 2*s + 8. Suppose 0 = s*c - 16 - 2. What are the prime factors of c?
3
Let n be 260/4 + 1/(-1). Suppose 4*h - n + 24 = 0. What are the prime factors of h?
2, 5
Let r(j) = 11*j**2 - 8*j - 11. Let t(m) = 7*m**2 - 5*m - 7. Let u(f) = -5*r(f) + 8*t(f). List the prime factors of u(2).
3
Suppose -r + 5*b = 8 - 3, 2 = 2*b. Suppose -3*d + r = 3. What are the prime factors of d - ((-24)/3 - -1)?
2, 3
List the prime factors of 780/13*1/2.
2, 3, 5
Suppose -6*u + 1698 - 150 = 0. List the prime factors of u.
2, 3, 43
Let u(s) = s**2 - 5*s + 7. Let n be u(8). Let a(h) = h**3 - 8*h**2 + 3*h + 10. Let q be a(7). Let b = q + n. What are the prime factors of b?
13
Suppose 0*m + 28 = 5*t + 3*m, -m = -t + 12. Let n be -2 + 2 + 0 + 1. Let a = n + t. List the prime factors of a.
3
Suppose 3*x = -4*i + 13, -2 + 0 = 2*x. Suppose 4*h + 12 = -i*f, -f + h = -6 - 1. What are the prime factors of -3 + 4/f + 5?
2
Let f = -3 + -9. Let g be (f/(-8))/(2/4). What are the prime factors of (-3)/(g + 0) + 8?
7
Suppose l - 4*t + t - 23 = 0, 5*l - 3*t - 139 = 0. List the prime factors of l.
29
Let r(k) = 16*k - 6. What are the prime factors of r(4)?
2, 29
Let d = -2 + -5. List the prime factors of ((-6)/(-2))/(d/(-21)).
3
Suppose 0 = 2*m - 5*a - 79, -2*a - 5 = m - 31. List the prime factors of m.
2
Let n(i) = -i**3 - 7*i**2 - i + 10. List the prime factors of n(-8).
2, 41
Suppose 0 = -2*j + 4*q + 18, 4*q + 0 + 3 = j. List the prime factors of j.
3, 5
Let k = -116 + 223. List the prime factors of k.
107
Let b = -17 + 20. Suppose -b*z - f = -4*f - 90, 5*z = 3*f + 140. List the prime factors of z.
5
Let x = 6 + -4. List the prime factors of ((-3)/(-6))/(x/36).
3
Let t(s) = 3*s + 2. Let c be t(2). Suppose 4*n = 3*n + c. List the prime factors of n.
2
Let x be ((-2)/3)/(2/3). Let r be 3 + (-4)/(x - 1). Suppose r*j - 15 = 2*j. List the prime factors of j.
5
Suppose -m = 3*c - 140, -3*c = 3*m - 5*m - 152. List the prime factors of c.
2, 3
Suppose 0 = -5*d - 4*z + 56, 2*d - 35 = -4*z - 3. Let p = d + -5. Suppose 0 = -p*k + 4*k - 11. List the prime factors of k.
11
Let w be (3 + 2)/((-6)/(-42)). Suppose -2*z - w + 87 = 0. What are the prime factors of z?
2, 13
Suppose 4*d - 2 + 26 = 0. Let y(t) = -t**3 - 5*t**2 + 5*t + 8. List the prime factors of y(d).
2, 7
Suppose -3*y + 628 = 5*n, -y = y + 8. What are the prime factors of n?
2
Let d(b) = -b + 1. Let p be d(-4). Let v(h) = -h**3 + 6*h**2 - 4. Let c be v(p). Suppose 3*q - c = 18. What are the prime fact